se 6?
-4120402
What is -16424 (base 7) in base 12?
-2855
Convert 3929b9 (base 12) to base 7.
10654506
What is -631831 (base 10) in base 13?
-191785
What is 31935 (base 11) in base 7?
252136
What is 102577 (base 9) in base 2?
1110111000110110
d728 (base 14) to base 5
2141310
What is a75b6 (base 13) in base 15?
5e723
What is -578ba (base 12) in base 4?
-130211032
60982 (base 15) to base 2
1001010101011101001
What is 2340121 (base 5) in base 13?
16851
Convert -136341 (base 8) to base 3.
-2110022212
What is -25050501 (base 7) in base 15?
-2e5e3c
Convert -1051556 (base 7) to base 13.
-473ba
What is 6424242 (base 7) in base 4?
2332102200
11000101001010111110001 (base 2) to base 5
3123222123
Convert -231131320231 (base 4) to base 8.
-55357055
-185a81 (base 12) to base 15
-85d67
What is -38963 (base 10) in base 5?
-2221323
-4001561 (base 7) to base 5
-110034402
What is 17056cc (base 13) in base 8?
34277313
-2233122303 (base 4) to base 11
-450916
What is -506243 (base 9) in base 10?
-299820
-12a5a3b (base 15) to base 14
-1ada0d0
What is 301210330 (base 4) in base 9?
338501
What is -298905 (base 10) in base 11?
-194632
-142796 (base 12) to base 14
-8a814
What is 42331014 (base 5) in base 16?
56b3e
What is -123312 (base 6) in base 16?
-2b7c
Convert -ac1 (base 15) to base 13.
-1150
2211300221 (base 4) to base 10
678953
-6546031 (base 8) to base 3
-10022020000220
Convert 3120221043 (base 5) to base 15.
86a633
What is 197123 (base 11) in base 4?
1021303023
What is 176908 (base 15) in base 9?
2121308
Convert 485 (base 14) to base 10.
901
51304113 (base 7) to base 14
7d857a
-101100111010110111111 (base 2) to base 4
-11213112333
What is -79040 (base 15) in base 4?
-1131330222
110110000000011001 (base 2) to base 15
45824
What is -221022 (base 8) in base 7?
-426332
Convert -1402cb (base 13) to base 6.
-14230110
What is -402412442 (base 5) in base 15?
-21b34c
What is -7d27dc (base 14) in base 6?
-231314114
-303a7 (base 14) to base 6
-2252543
What is -366825 (base 14) in base 4?
-13012212101
Convert 222210011233 (base 4) to base 10.
11157871
What is 36731550 (base 8) in base 4?
132323031220
What is 250041 (base 8) in base 4?
111000201
Convert -125355051 (base 6) to base 5.
-1120104222
-203015302 (base 6) to base 2
-1101010110111001110110
Convert 5346316 (base 7) to base 15.
ccb0d
Convert -47d7e (base 16) to base 9.
-487586
-2003133002 (base 4) to base 11
-3386a2
42e22 (base 15) to base 14
575ba
9d05 (base 16) to base 10
40197
-852aa1 (base 13) to base 14
-5b2b1a
Convert a35366 (base 12) to base 16.
270ebe
Convert -30014237 (base 8) to base 5.
-3103012014
Convert -575252 (base 8) to base 4.
-233222222
Convert -2577452 (base 8) to base 3.
-1100121120221
14785 (base 10) to base 2
11100111000001
Convert 211202211001 (base 3) to base 13.
129010
Convert -4892644 (base 11) to base 12.
-2a24829
-583d9 (base 14) to base 13
-76a0c
688541 (base 9) to base 13
116017
-4b205 (base 12) to base 3
-12012020212
What is -151321551 (base 6) in base 10?
-3152299
bd9e1 (base 16) to base 4
2331213201
Convert 2000431 (base 6) to base 9.
152201
What is -205001004 (base 6) in base 15?
-4ae7a7
What is -30422422 (base 5) in base 7?
-2053311
227314 (base 11) to base 13
c8474
47290 (base 12) to base 11
65780
-13722 (base 8) to base 12
-3642
-682727 (base 9) to base 3
-202202210221
725071 (base 11) to base 12
4812b8
1111001011 (base 2) to base 6
4255
21a4b (base 12) to base 2
1010111010011011
-1134560 (base 7) to base 10
-143318
Convert -9a34 (base 15) to base 14.
-bc9c
What is 8898713 (base 10) in base 14?
1278d85
Convert 201c9 (base 16) to base 13.
47b38
Convert cc8a2 (base 14) to base 2.
1111001000000001110
What is 20002001012 (base 3) in base 2?
11101001100100100
Convert -7950381 (base 10) to base 2.
-11110010101000000101101
-1302010103 (base 4) to base 6
-14003015
1242405 (base 6) to base 2
10000100110000101
Convert -2031303103 (base 4) to base 9.
-1074654
685234 (base 9) to base 7
3330100
What is ad3b (base 14) in base 13?
1089b
22010000000 (base 3) to base 10
159651
-10100110110100011 (base 2) to base 6
-1455231
What is 213412101 (base 5) in base 12?
384257
-12504121 (base 6) to base 10
-413041
What is -969b2 (base 12) in base 4?
-300130112
What is -653c (base 15) in base 13?
-99a8
Convert 7465732 (base 8) to base 9.
3667741
What is 9aa46 (base 13) in base 4?
1010202333
What is -5431221 (base 6) in base 12?
-10b511
Convert 41204112 (base 6) to base 10.
1182860
What is -a3960 (base 11) in base 16?
-25006
What is -1021201120 (base 3) in base 12?
-12796
Convert 1714122 (base 8) to base 15.
9c731
What is 351443 (base 6) in base 15?
8e30
Convert 6566374 (base 8) to base 10.
1764604
Convert 23d78a (base 16) to base 6.
122202414
Convert -64bb2 (base 13) to base 11.
-114949
Convert 204401404 (base 5) to base 15.
11db89
Convert -220956 (base 12) to base 2.
-10000011111101010010
What is 111111010101011111 (base 2) in base 5?
31300143
-312430413 (base 5) to base 12
-525a19
What is -904522 (base 11) in base 5?
-333033122
What is 6643 (base 7) in base 10?
2383
What is 1a289a (base 11) in base 9?
523787
What is -301310230 (base 4) in base 15?
-40701
312044050 (base 6) to base 2
10100101010110010111110
-241a6a4 (base 11) to base 4
-100011110311
Convert 100311331 (base 4) to base 14.
1b1db
-337675 (base 8) to base 2
-11011111110111101
Convert -17756112 (base 8) to base 14.
-7ad2c2
What is a6766 (base 14) in base 12?
174832
313d2 (base 14) to base 8
347754
Convert 3403220333 (base 5) to base 14.
dc8887
What is 489ba (base 14) in base 16?
2b588
What is -1110010011010111100 (base 2) in base 16?
-726bc
What is -20341652 (base 8) in base 15?
-5a203a
Convert -451365 (base 10) to base 2.
-1101110001100100101
What is -103400451 (base 7) in base 2?
-10111100110000011111000
-1781b (base 12) to base 14
-c571
What is 5fe445 (base 16) in base 10?
6284357
Convert 3a170 (base 12) to base 5.
10022331
Convert -80b41 (base 12) to base 5.
-20330041
1005413 (base 7) to base 11
81920
What is -2001210102222 (base 3) in base 13?
-2c5b29
What is 374b17 (base 12) in base 9?
1621711
What is 1000001111001110000001101 (base 2) in base 7?
266562051
What is -113202333231 (base 4) in base 5?
-3040011103
What is -4422215 (base 8) in base 14?
-22d44d
What is 114661333 (base 7) in base 8?
33275056
Convert -6c698 (base 13) to base 2.
-110000100011010101
What is 3100122030 (base 4) in base 12?
352010
What is -4a33360 (base 12) in base 13?
-3008c94
What is 1244651 (base 7) in base 13?
58cc4
What is 61477 (base 12) in base 9?
212851
Convert -11010000110101001 (base 2) to base 14.
-2ad73
Convert -363510 (base 12) to base 5.
-211024303
2630974 (base 12) to base 5
3411403202
What is -302335051 (base 6) in base 3?
-100201011212011
What is 20013222300 (base 4) in base 16?
207ab0
Convert 920292 (base 10) to base 5.
213422132
What is 9374 (base 13) in base 15?
6085
155167 (base 10) to base 3
21212211221
Convert -17194 (base 16) to base 15.
-1d077
What is 54b63 (base 12) in base 9?
180873
-41532354 (base 6) to base 9
-2243407
What is 212142211 (base 5) in base 12?
372a10
-110010010001000111110 (base 2) to base 5
-410202131
-629815 (base 12) to base 7
-16120256
2426441 (base 7) to base 9
521632
-39a01 (base 12) to base 9
-130571
32033103123 (base 4) to base 9
7018263
Convert 5661561 (base 8) to base 5.
343022120
What is -57742 (base 12) in base 3?
-12221021012
Convert -1644bd1 (base 15) to base 7.
-254255605
-13113012220 (base 4) to base 10
-1929640
-186105 (base 16) to base 11
-9a1416
Convert -893a6 (base 16) to base 5.
-120441321
What is -122051125 (base 6) in base 12?
-949aa5
-110031010 (base 4) to base 13
-2b88b
55142113 (base 6) to base 16
191f3d
Convert -258071 (base 11) to base 2.
-1100011001000010001
What is -db99 (base 15) in base 7?
-252360
-102212010000202 (base 3) to base 5
-3103111032
-10000111122001 (base 3) to base 12
-654484
Convert 2d39bd (base 14) to base 15.
214a64
Convert c4728 (base 13) to base 5.
42241422
What is -110101101101101000111 (base 2) in base 10?
-1760071
-176526 (base 14) to base 11
-513276
What is 131304340 (base 5) in base 3?
1020001110010
Convert -10343445 (base 6) to base 2.
-1001011100000010101
What is -42050246 (base 7) in base 9?
-6587148
What is 66767 (base 11) in base 14?
2738c
Convert 1310141033 (base 